= -y*n - 0*n + 142, 5*n - 4*z - 212 = 0. What is the remainder when n is divided by 16?
12
Let k = 10 - 8. Let q(t) = 30*t + t**2 + 3 + 0*t**k - 34*t. Calculate the remainder when 9 is divided by q(4).
0
Let c(s) = s**2 + 2*s. Suppose 3*o = -2*d - d - 9, -d + 3*o = -1. Let r be c(d). Suppose -v + 35 = -r*v. What is the remainder when 104 is divided by v?
34
Let d(m) = -4*m + 1. Suppose u + u = -0*u. Calculate the remainder when d(-5) is divided by (u + -3 - -2) + 5.
1
Let u = 113 - 91. What is the remainder when 49 is divided by (-119)/(-42)*11/(u/12)?
15
Let z = 305 + -144. Suppose 2*k - 128 = 2*s, -5*k = 3*s - 191 - z. What is the remainder when k is divided by 24?
20
Let o(l) = -15*l - 6. Let k(u) = -23*u - 9. Let x(s) = 5*k(s) - 8*o(s). Calculate the remainder when (-14)/(-35) + (-19)/(1900/(-8160)) is divided by x(5).
26
Let r = -26 + 111. Suppose -2*q = -w + 4, 49 - 5 = -4*w - 4*q. Calculate the remainder when r is divided by 178/4 - (-9)/w.
42
Let l(h) = -23*h**3 + h**2 - 24*h - 24. Let v = 282 - 283. Calculate the remainder when l(v) is divided by 10.
4
Suppose -c = 3*u - 232, -62*c - 5*u = -65*c + 752. What is the remainder when c is divided by 33?
13
Let b be (-12 + -18)*(-3 - (-39)/15). Suppose c - 3*r = 18, 8 = -4*r - b. Calculate the remainder when 6 is divided by c.
0
Let f = 71 + -32. Let y = -522 + 359. Let l = y + 317. Calculate the remainder when l is divided by f.
37
Let i(s) = -19*s + 1112. Calculate the remainder when 2173 is divided by i(58).
3
Let d = 4216 - 4125. What is the remainder when 4169 is divided by d?
74
Let x(k) = -24*k**3 + 130*k**2 + 6*k + 3. What is the remainder when x(5) is divided by 93?
4
Suppose 0 = -6*i + v + 866, -17*v + 19*v = 3*i - 445. What is the remainder when 2159 is divided by i?
14
Let q be (2 - 57/(-6))*4. Let t = -547 + 549. Suppose 3*d + 92 = 4*y - 2*d, -t*y + q = -5*d. Calculate the remainder when y is divided by 13.
10
Let l(h) = h**2 + h + 16. Suppose -60 = 4*z - 9*z. Suppose 20 = 9*b - 205. Calculate the remainder when l(z) is divided by b.
22
Let b(p) = -p**2 + 6*p + 1479. Let r be b(0). Suppose 3*x = -2*n + r, 4*x + 1973 = 8*x + 3*n. What is the remainder when x is divided by 38?
35
Let x be (4 + 168/(-9))*-24. Suppose 2*z + 2*u = -2*z + x, 466 = 5*z - 4*u. What is the remainder when z is divided by (-4 - -3)/((-3)/(-114)*-2)?
14
Let b be (13 + -12)/(2/190). Let x be 0 + (-118)/5 - 38/b. Let q = x - -67. Calculate the remainder when q is divided by 24.
19
Let z = 6 + -8. Let r(p) = 24*p - 6. Let v be r(z). Calculate the remainder when 14 is divided by v/(-12)*(-4 - -6).
5
Suppose -2*f - 181 = -4*v + 23, 4*f = -4*v + 204. What is the remainder when 509 is divided by v?
50
Let j(n) = 2*n + 0*n + 23 + 28 + 7*n. Calculate the remainder when 25 is divided by j(-4).
10
Let w be (1/8*4)/(3/2094). Suppose 3*a - 4*k - 292 = -77, 5*a = 2*k + w. What is the remainder when a/4 + (-6)/24 is divided by 11?
6
Let q(x) = 5*x**2 - 251*x + 638. Calculate the remainder when q(52) is divided by 75.
56
Suppose -5*m = 0, -4*f + 0*m - 2*m - 20 = 0. Let t(j) = 12*j**2 + 15*j - 3. What is the remainder when t(f) is divided by 25?
22
Let d(q) = -q**3 + 62*q**2 - 53*q - 136. Calculate the remainder when 1070 is divided by d(61).
14
Suppose 5*c - 79 = -2*g + 11, -105 = -4*c + 5*g. Let h = 57 - -69. Calculate the remainder when h is divided by c.
6
Suppose -8*z - 91 + 176 = -211. Calculate the remainder when 183 is divided by z.
35
Let s(i) = 793*i - 3855. Calculate the remainder when s(5) is divided by 95.
15
Calculate the remainder when 81/2*13356/567 is divided by 342.
270
Let t(m) = -m**2 - 8*m + 1. Let q = -1 - 3. What is the remainder when (-228)/(-28) + -8 - (-93192)/924 is divided by t(q)?
16
Let a(s) = -s**3 + 19*s**2 - 3*s - 144. Calculate the remainder when 4409 is divided by a(18).
125
Let b(w) = -w**3 - 39*w**2 - 51*w - 103. Let y be b(-37). Let f = -739 - y. What is the remainder when f is divided by 41?
10
Let s = 7855 + -7832. What is the remainder when 3738 is divided by s?
12
Suppose 30*s = 14511 - 1611. What is the remainder when s is divided by 109?
103
Suppose 0 = -3*u + 5*u - 2, -o + 32 = 5*u. What is the remainder when 647 is divided by o?
26
Let g = -4210 - -4357. What is the remainder when g is divided by 79?
68
Let z = -284 + 315. Let h = -28 - -209. What is the remainder when h is divided by z?
26
Suppose -20*c + 22*c = -4. Let v be ((5/5)/c)/(1/(-4)). Suppose 6 = v*q - 4*l - 46, 0 = -5*q + 4*l + 148. What is the remainder when q is divided by 19?
13
Let m = 10714 - 10657. Calculate the remainder when 8662 is divided by m.
55
Suppose 146*g + 36 = 152*g. Let v = -7 - 3. Let m = g - v. Calculate the remainder when m is divided by 9.
7
Let z = -856 - -876. What is the remainder when 2170 is divided by z?
10
Let f(v) = 9*v + 11. Let b be f(9). Let i = -15330 - -15510. Calculate the remainder when i is divided by b/(-3)*6/(-4).
42
Let m = -1838 + 1894. Calculate the remainder when 724 is divided by m.
52
Calculate the remainder when 7881 is divided by (61 - 70)*(1 - 2).
6
Let l = 1723 + -244. What is the remainder when l is divided by 185?
184
Suppose 12*j = 9*j + 4725. Suppose j = 13*s - 4*s. What is the remainder when s is divided by 59?
57
Suppose -44*y = -50*y + 84. Calculate the remainder when 220 is divided by y.
10
Calculate the remainder when 5524 is divided by 210/40*(-12)/(-7).
7
Let v be 7*((-4)/2 - (-11 + 10)). Let z(t) = -8*t - 19. Calculate the remainder when z(v) is divided by 13.
11
Suppose 1114 = 5*w + 119. Suppose -61 - w = 5*s. Let l = s - -64. Calculate the remainder when 46 is divided by l.
10
Suppose 0 = -17*w + 22*w + 4*p - 260, 0 = -3*p + 15. Suppose 13*q = w + 511. What is the remainder when 255 is divided by q?
40
Suppose 3*m + 210 = 1293. Let q = 379 - m. What is the remainder when 48 is divided by q?
12
Let s = -7398 + 7419. Calculate the remainder when 317 is divided by s.
2
Suppose -i + 0*i + 31 = 5*c, -3*i + 28 = 2*c. Suppose 36 = 3*d + q, -42*d + 46*d - 78 = 2*q. Calculate the remainder when d is divided by i.
3
Let u(j) = j**3 - 22*j**2 - 48*j + 49. Suppose 0 = 2*q + 2*k - 26, 2*q - 31 = -2*q + 3*k. What is the remainder when u(24) is divided by q?
9
Suppose -m - 73 = -22. Let r be (17/m)/((-1)/87). Suppose -r + 25 = -w. What is the remainder when 17 is divided by w?
1
Let o = 10857 + -7806. Calculate the remainder when o is divided by 1517.
17
Let k(a) = -a**2 - 15*a - 6. Let u be k(-10). Let w = u + -37. Calculate the remainder when (-28)/w*(-19 + -2 + 2) is divided by 39.
37
Suppose -3*f + 176 + 537 = 5*d, 5*f = d - 137. Calculate the remainder when 2553 is divided by d.
139
Suppose 0*g - 3*g + 1683 = 0. Let d = -145 + g. Suppose 4*u + 4*q - d = 0, -2*u + 205 = q - 0*q. What is the remainder when u is divided by 35?
31
Let v(r) = -r**2 - 4*r + 1. Let h be v(-3). Suppose 6*i - h*y - 144 = 3*i, 0 = i - 4*y - 56. What is the remainder when i is divided by 17?
10
Suppose 3*o = -2*a + 6 + 3, 0 = -5*o - a + 15. Suppose -27 = -o*i + 24. Suppose 3*k = 2 + 13. What is the remainder when i is divided by k?
2
Let i(d) = 17*d**2 - 29*d + 56. Calculate the remainder when i(9) is divided by 27.
11
Let v(o) = -31*o - 8*o + 11 + 22*o + 17*o**2 + o**3. Let c be v(-18). What is the remainder when ((-22)/3)/(-1 + c/(-9)) is divided by 17?
16
Let m = 234 + -230. Suppose 0*f - m*f = -12. What is the remainder when 143 is divided by f?
2
Let d(u) = -4*u - 38. Let l be d(-10). What is the remainder when (1992/36)/(l/3) is divided by 18?
11
Let s = 66 - 43. What is the remainder when (-4170)/(-21) - ((-54)/(-14))/(-9) is divided by s?
15
Let g(h) = 77*h**3 - 2*h**2 + 2*h - 1. Suppose 10*l = 5*l + 100. Suppose y - l = -0. What is the remainder when g(1) is divided by y?
16
Suppose 3*r + d - 260 = 0, 6*r + 3*d - 270 = 3*r. Suppose 0 = n - 2*g - 71, 0 = -5*n - 5*g + 455 - r. Calculate the remainder when 142 is divided by n.
69
Suppose -6*z - 3*m = -2*z - 440, -m = 2*z - 222. Let v = -86 + z. What is the remainder when 49 is divided by v?
22
Let j(z) = 6*z**2 + 114*z + 445. What is the remainder when j(-4) is divided by 62?
23
Let m = 8300 - 8279. Let x be ((-117)/4)/((-3)/12). Suppose 2*a - 78 = 3*r, 0*a + 3*a - x = -r. What is the remainder when a is divided by m?
18
Let w =